est common divisor of r and 564?
12
Let w be 21896/483 + 2/(-6). Calculate the highest common factor of 8715 and w.
15
Suppose 0 = -0*k - 2*k - 5*j + 4972, 5*k - 22*j = 12499. Calculate the greatest common factor of 106 and k.
53
Let c(b) = -12*b - 44. Let l(t) = -3*t**2 - 9*t + 1. Let a be l(-5). Let o be c(a). Calculate the greatest common factor of 114 and o.
38
Suppose 117 + 13 = 5*v. Suppose 9*t = 6205 - 1858. Suppose 5*x - t = -28. Calculate the highest common factor of v and x.
13
Let u be (-1)/(13/(-103 + -1)). Calculate the greatest common factor of 104 and u.
8
Suppose -m + 3 = 0, u + 4*m - 22 = -u. Let x be 33/44*(13*u + -1). Calculate the highest common factor of 16 and x.
16
Suppose 0 = 5*j + 5*t - 2325, 1857 = 8*j - 4*j + 5*t. Suppose 5*l + 3*u - j = 0, 5*l - 492 = -0*u + 3*u. Calculate the highest common factor of 128 and l.
32
Suppose -96 = -2*w + 4*l, 0*w = -w + 3*l + 50. Let a be 51 - -1 - (12 + (11 - 15)). What is the greatest common divisor of w and a?
44
Let a(g) = g**3 + 28*g**2 + 50*g - 49. Let h be a(-26). Suppose 0 = x + h*l - 105 - 18, 3*l - 3 = 0. What is the greatest common divisor of 45 and x?
15
Let j be (216 - 230)*(110/(-56) - 1/(-4)). Calculate the highest common divisor of j and 128.
8
Suppose -2*f - 1717 = -1707, f = -3*s + 3115. What is the greatest common factor of s and 4000?
80
Let h be (-756)/(-8)*(-14 + (-300)/(-18)). Suppose 0 = 3*d + 4 + 5. Let z(g) = -13*g - 3. Let t be z(d). What is the greatest common divisor of h and t?
36
Let j be ((-66)/8)/(23/(-20) - (25 + -26)). Let b(c) = 4*c**2 + 2*c + 2. Let f be b(3). Suppose k - f = -3*k. Calculate the greatest common divisor of j and k.
11
Suppose -s = 4*s - 25. Suppose -k + 8 = -y - 3, -3*k - 4*y + s = 0. Let f = -2242 - -2256. Calculate the greatest common factor of f and k.
7
Let r(j) = 1. Let p(b) = b**2 - 35*b - 29. Let o(u) = -p(u) + 6*r(u). Let v = -33 + 51. Let w be o(v). What is the greatest common factor of w and 31?
31
Let s = -1434 + 1493. What is the highest common divisor of s and 2891?
59
Let n be (12/(-2))/(5582/(-328) + 17). What is the highest common divisor of n and 88?
8
Let g = 36334 + -36290. Calculate the highest common factor of 7018 and g.
22
Let g = -30644 - -30728. Calculate the greatest common divisor of g and 266.
14
Let t(v) = v**3 - 7*v**2 - 6*v - 2. Let q be t(8). Let u(y) = -27*y + 73. Let h be u(-6). Let f = 3 + h. Calculate the greatest common factor of f and q.
14
Let s be 192 - -6*6/(-18). Let r be -4 + 1 + (3 + s - -5). Calculate the greatest common divisor of 39 and r.
39
Suppose -4*u + 284 = 4*i - 192, 0 = 4*u + 4. Let o(p) = -p + 7. Let n be o(5). Suppose i = 4*t - n*t. What is the greatest common factor of 20 and t?
20
Suppose a - 2*c = 5*a - 68, 68 = 4*a + 5*c. Suppose a*z - 3920 = 13*z. Let k be (z/24 - 2) + 1/6. What is the highest common divisor of k and 39?
39
Suppose -228 = -3*l - 3*v, -v - 104 = 22*l - 23*l. Let m = 156 - -159. What is the highest common factor of l and m?
45
Let m be (-35224)/(-153) + 12/(-54). Calculate the greatest common divisor of 4048 and m.
46
Suppose f = -0*k + k - 230, -5*k = 4*f - 1105. Let d = -32737 - -32746. What is the greatest common divisor of k and d?
9
Let b = -4080 - -4780. Calculate the highest common divisor of b and 300.
100
Let w = -99 + 155. Let c(h) = -3*h - 68. Let r be c(-25). Calculate the greatest common factor of w and r.
7
Let d(i) = -2*i**2 + i + 1. Let f(c) = -2*c**2 + 16*c - 14. Let g(r) = -2*d(r) + f(r). Let j be g(-10). What is the greatest common divisor of 1628 and j?
44
Let m = 5757 + -5743. Calculate the highest common divisor of m and 38.
2
Suppose -1 = q, q - 3*q - 14 = -3*l. Suppose -2*p - l*g = -27 - 19, -5 = -5*g. What is the highest common divisor of 21 and p?
21
Let v(x) = 5*x + 225. Let d(u) = -u**3 + 8*u**2 - 2*u - 27. Let c be d(0). Let j be v(c). What is the greatest common factor of j and 135?
45
Let v(b) = -b**3 + 7*b**2 + 9*b - 15. Let n be v(7). What is the highest common divisor of n and 42?
6
Let u be -1 - (-2 - (8198 + (-3 - 8))). What is the greatest common divisor of 276 and u?
92
Let o be 2 + (2 - 1) - 0/(-1). Suppose o*m = 5*l - 2669, 5*l + 2*m - 903 = 1776. What is the greatest common divisor of l and 321?
107
Let o = -10401 + 10541. What is the greatest common factor of 660 and o?
20
Let a be (-60 + 0)/(3/(-33)). Let b = 15903 + -15843. What is the highest common divisor of a and b?
60
Let m(j) = 35*j + 6. Suppose 0*q + 2*q = 8. Let g be m(q). Suppose -11*c + 63 = -g. Calculate the greatest common factor of c and 38.
19
Let d = 13299 + -13143. What is the greatest common factor of 39 and d?
39
Suppose 115 - 455 = -5*h. Let b be (-68)/((-7)/((-42)/(-12))). Calculate the greatest common divisor of b and h.
34
Let h(b) = -b**2 - 15*b + 481. Let o be h(9). What is the greatest common factor of o and 35?
5
Let v(r) = 241 + 7*r - 310 + 245 - 10*r. Let z be v(-8). Let t be (2/3)/(1/12). What is the highest common divisor of t and z?
8
Let i(p) = p**2 + 2*p - 10. Let f be i(3). Suppose 4*m = -3*h + f*m + 108, 108 = 3*h + 4*m. What is the greatest common factor of 18 and h?
18
Suppose -66*o + 8305 = 20*o - 5627. Calculate the highest common factor of o and 5751.
81
Suppose 0 = -209*z + 281*z - 7200. Calculate the highest common factor of z and 6.
2
Let k be (-2)/(3 - (-2)/1) + (-782064)/(-360). Calculate the highest common divisor of 12 and k.
12
Let l = 10301 - 10276. What is the highest common factor of l and 5675?
25
Suppose 5*c = 25 + 25. Let z be 104/10 + (-4)/c. Let b = 49 - -21. Calculate the highest common factor of z and b.
10
Suppose a = 3*a + 4*w - 200, -w = -2. Let p = 426 - 1018. Let u be (-6)/9 + 1*p/(-24). Calculate the highest common divisor of a and u.
24
Suppose -m = -2, -3*c + 2*m = 7*m + 11. Let o = -3 - c. Suppose 2*y - 4*s - 28 = 0, 7*y - 2*y + o*s - 70 = 0. What is the highest common divisor of 28 and y?
14
Let o = -1484 + 1482. Let t(s) = 1. Let k(d) = 12*d - 18. Let i(l) = -k(l) - 24*t(l). Let v be i(o). Calculate the highest common divisor of v and 90.
18
Let h(f) be the first derivative of 3*f**2/2 + 108*f + 28. Let v be h(12). What is the highest common divisor of v and 18?
18
Suppose 0 = -25*m + 27*m - 120. Suppose 180 = 3*c + m. What is the highest common divisor of 220 and c?
20
Let y be ((-117)/5)/(171/(-285)). What is the greatest common factor of 3 and y?
3
Suppose -4*u - 38*z + 436 = -34*z, 0 = -2*u - z + 213. Calculate the greatest common factor of 2210 and u.
26
Let j(u) = -u**2 - 15*u + 2. Suppose -3*q + 3*t - 7 = 11, 2*t = -6. Let d be j(q). What is the highest common factor of d and 98?
14
Let p(j) = -96*j + 535. Let o be p(3). Calculate the greatest common divisor of 76 and o.
19
Let z = -76 - -49. Let x = z - -52. Calculate the highest common factor of x and 40.
5
Let h(u) = -45*u - 429. Let f be h(-37). What is the greatest common divisor of 12 and f?
12
Let a be 3956 - (-2)/(18/117 + (-72)/(-39)). What is the highest common divisor of 6 and a?
3
Let u be 2*(-2)/(-8) - 988/(-8). Let b be -2 + 16/9 - u/9. Let h = 22 + b. Calculate the greatest common factor of 88 and h.
8
Let u(l) = l**3 - 64*l**2 + 156*l + 62. Let v be u(62). What is the highest common factor of v and 66?
66
Let v(r) = 29*r**2 - 5*r - 66. Let q be v(-4). Calculate the greatest common factor of q and 4389.
209
Suppose 0 = 470*o - 471*o + 5. Let d = 11 - 8. Suppose -2*a - 68 = -2*j, 4*j + 25 - 168 = -d*a. Calculate the greatest common factor of j and o.
5
Let k(b) = -20*b - 18. Let m be k(-1). Suppose 3*c - 5 = -5*r + 117, -158 = -4*c - m*r. What is the greatest common factor of 273 and c?
39
Suppose 3*v + m + 4*m = 3350, 2*v - 2242 = m. Let q be (25 - 32)/((-13)/65). Calculate the highest common factor of v and q.
35
Let i(o) = 5*o**2 - 7*o + 21. Let g be i(7). Let p = g - 184. What is the highest common divisor of p and 15?
3
Let d be (-171)/8*(-6)/(-9)*-12. Suppose -5*b + d - 47 = 2*h, h + 3 = 0. Calculate the highest common factor of 156 and b.
26
Suppose -3*k + w = -0*w - 160, -4*k + 3*w + 205 = 0. Calculate the greatest common divisor of 85 and k.
5
Let d = -29328 + 29387. Let f be 118*-2*1/(-4). What is the greatest common factor of d and f?
59
Suppose 0 = -12*a + 107 + 1141. Suppose 3*s + 38 = a. Calculate the great